 of 2516 and 658291.
17
Calculate the greatest common factor of 2623568 and 976.
16
Calculate the highest common divisor of 86051835 and 135.
135
What is the greatest common divisor of 30 and 71725626?
6
Calculate the highest common divisor of 274688148 and 15540.
3108
Calculate the greatest common divisor of 714213948 and 42.
42
Calculate the greatest common divisor of 46 and 262376.
2
What is the greatest common divisor of 20537 and 3088018?
1867
What is the greatest common divisor of 1272 and 20694?
6
What is the greatest common factor of 251426376 and 1448?
1448
Calculate the greatest common factor of 88998 and 201894.
42
What is the greatest common divisor of 45432 and 257976?
72
What is the highest common factor of 6948 and 4498020?
36
What is the greatest common factor of 5411486 and 65078?
5006
What is the highest common factor of 1503 and 8587307?
167
Calculate the greatest common factor of 99870827 and 49.
7
Calculate the highest common factor of 9258 and 50812533.
4629
What is the highest common factor of 595 and 15113?
119
Calculate the greatest common divisor of 330 and 15739350.
330
What is the greatest common factor of 1073 and 138011?
29
Calculate the highest common factor of 22 and 10684036.
22
Calculate the greatest common divisor of 151 and 21668651.
151
Calculate the highest common divisor of 26208 and 336840.
168
What is the highest common factor of 1895597 and 341?
11
What is the greatest common factor of 289023 and 13881?
21
Calculate the highest common divisor of 250821 and 7047.
261
What is the highest common divisor of 624 and 78372528?
624
What is the highest common factor of 2389505 and 3872127?
3763
What is the greatest common factor of 44558 and 27?
1
What is the highest common factor of 4708 and 2523268?
44
What is the highest common divisor of 799719 and 47371?
127
Calculate the highest common factor of 20213068 and 68.
68
Calculate the greatest common factor of 45993717 and 567.
189
Calculate the highest common divisor of 147568 and 36616.
184
Calculate the highest common divisor of 470 and 326485030.
470
What is the greatest common factor of 4716 and 38484?
36
Calculate the greatest common divisor of 62685373 and 23.
23
What is the greatest common factor of 1197 and 1465413?
57
Calculate the highest common factor of 2286 and 8864346.
762
Calculate the greatest common divisor of 192 and 375699680.
32
Calculate the greatest common divisor of 22092 and 43704.
12
What is the greatest common divisor of 815064 and 1416?
24
What is the greatest common factor of 92 and 833068?
4
Calculate the highest common divisor of 1376050 and 146.
146
What is the greatest common factor of 788876 and 88?
44
Calculate the highest common factor of 306029097 and 1782.
891
What is the greatest common factor of 61 and 20030753?
61
What is the highest common factor of 8823802 and 39?
13
Calculate the highest common factor of 4572 and 115488.
36
Calculate the greatest common divisor of 7931 and 7903.
7
Calculate the highest common divisor of 17947 and 8391661.
137
Calculate the highest common divisor of 272 and 8586037.
17
Calculate the highest common factor of 935980 and 2120.
1060
Calculate the highest common divisor of 625 and 118406625.
125
What is the greatest common factor of 369853215 and 3?
3
Calculate the greatest common factor of 2027098 and 26746.
622
What is the highest common factor of 3403 and 196226?
41
Calculate the greatest common factor of 1252 and 2578181.
313
What is the highest common factor of 506 and 1933978?
46
Calculate the highest common factor of 98235 and 4537125.
1665
What is the highest common factor of 114095 and 17204325?
6005
Calculate the highest common divisor of 1086 and 49719614.
362
What is the greatest common factor of 316 and 3888372?
4
Calculate the greatest common divisor of 56078 and 24002.
22
Calculate the highest common divisor of 71 and 307415.
1
What is the highest common factor of 12368394 and 108?
18
What is the greatest common divisor of 378 and 10082205?
189
What is the highest common factor of 130295 and 287782?
1133
Calculate the highest common factor of 129210 and 1301540.
590
Calculate the greatest common factor of 234955 and 804335.
1715
Calculate the greatest common factor of 123660 and 141886110.
6870
What is the greatest common divisor of 20 and 1046826070?
10
Calculate the greatest common factor of 4554 and 5957622.
198
Calculate the highest common divisor of 1985 and 199530215.
1985
Calculate the greatest common factor of 3081 and 213343.
13
What is the highest common factor of 22348 and 4162013?
151
What is the highest common factor of 61105 and 24240?
505
Calculate the greatest common divisor of 89792 and 413632.
1472
What is the greatest common divisor of 4076568 and 120?
24
Calculate the highest common factor of 164 and 863346430.
82
Calculate the highest common factor of 65851491 and 29139.
2649
Calculate the highest common factor of 5 and 8338145.
5
Calculate the highest common divisor of 2 and 1130092.
2
Calculate the greatest common factor of 35865 and 17455.
5
What is the highest common divisor of 1771153296 and 102?
102
What is the highest common factor of 1055444 and 6?
2
Calculate the greatest common divisor of 7862545 and 45.
5
Calculate the greatest common divisor of 3653 and 1776944.
13
What is the greatest common factor of 57 and 3674315?
19
What is the highest common divisor of 71726315 and 595?
85
Calculate the greatest common divisor of 30800 and 1549240.
3080
Calculate the highest common divisor of 755766 and 48279.
363
Calculate the greatest common divisor of 144 and 8275644.
36
What is the highest common divisor of 641 and 112811513?
641
What is the greatest common factor of 1786 and 574857?
47
What is the greatest common divisor of 4856341 and 1176?
49
Calculate the highest common factor of 26 and 80970409.
13
What is the highest common divisor of 13610 and 52063694?
2722
What is the highest common divisor of 127325957 and 88?
11
What is the greatest common divisor of 430 and 135321215?
215
Calculate the highest common factor of 460 and 1592267.
23
Calculate the greatest common divisor of 1621691 and 56314.
761
What is the greatest common factor of 2290 and 612200?
10
What is the highest common factor of 79552 and 20603?
11
What is the highest common factor of 117 and 46790055?
117
Calculate the greatest common factor of 20860 and 10481107.
1043
Calculate the highest common factor of 1580654680 and 88.
88
Calculate the greatest common factor of 18511 and 2823195.
107
Calculate the highest common factor of 238 and 2915194.
34
Calculate the highest common divisor of 347599 and 6166231.
2921
What is the greatest common factor of 2723329 and 3829?
7
Calculate the greatest common factor of 17388 and 67284.
756
Calculate the highest common factor of 273226 and 2881.
67
What is the highest common divisor of 547056 and 4856688?
4176
Calculate the greatest common factor of 1345106 and 622.
2
Calculate the highest common factor of 33104959 and 118.
59
What is the highest common factor of 855 and 2615?
5
Calculate the greatest common factor of 4 and 282491606.
2
What is the greatest common factor of 39 and 924166698?
39
What is the highest common divisor of 1706066501 and 51?
17
What is the greatest common factor of 26788431 and 3303?
1101
Calculate the highest common factor of 306618 and 54.
6
Calculate the highest common factor of 187044 and 324324.
1716
What is the highest common divisor of 2738862 and 84?
42
What is the greatest common factor of 143732806 and 126?
14
What is the highest common factor of 31 and 37016511?
31
Calculate the greatest common divisor of 1706480184 and 24.
24
What is the greatest common divisor of 76380646 and 1178?
38
Calculate the greatest common divisor of 54456509 and 1199.
109
Calculate the greatest common factor of 14413 and 2478539.
497
What is the greatest common divisor of 24198328 and 616?
616
What is the highest common factor of 378146342 and 98?
14
What is the highest common divisor of 9400 and 11300?
100
What is the highest common factor of 14698250 and 35?
35
Calculate the highest common divisor of 7540 and 468520.
260
Calculate the greatest common divisor of 45177 and 39990192.
1221
Calculate the highest common diviso